e 16) to base 12
17
Convert -a5 (base 15) to base 16.
-9b
What is 0 (base 14) in base 7?
0
What is 0 (base 4) in base 15?
0
Convert 2 (base 7) to base 5.
2
What is 17 (base 12) in base 5?
34
Convert -36 (base 13) to base 16.
-2d
What is 14 (base 11) in base 13?
12
What is -373 (base 8) in base 5?
-2001
Convert 10 (base 11) to base 3.
102
What is 164 (base 8) in base 2?
1110100
Convert 0 (base 6) to base 15.
0
What is 1 (base 12) in base 9?
1
69 (base 14) to base 2
1011101
What is 35 (base 13) in base 14?
32
What is 10 (base 3) in base 8?
3
Convert -12 (base 3) to base 8.
-5
-28 (base 12) to base 7
-44
What is 101 (base 2) in base 14?
5
What is 3 (base 13) in base 12?
3
Convert -102 (base 3) to base 5.
-21
Convert 14 (base 5) to base 15.
9
What is -17 (base 8) in base 5?
-30
Convert 267 (base 10) to base 5.
2032
-3a (base 11) to base 10
-43
3 (base 10) to base 15
3
-1001101 (base 2) to base 11
-70
-35 (base 14) to base 10
-47
140 (base 6) to base 9
66
38 (base 10) to base 13
2c
What is 2 (base 10) in base 5?
2
What is 5 (base 15) in base 8?
5
What is -110 (base 3) in base 5?
-22
-26 (base 15) to base 11
-33
Convert -45 (base 13) to base 14.
-41
3 (base 10) to base 12
3
What is 111 (base 2) in base 6?
11
What is 18 (base 9) in base 4?
101
Convert 58 (base 9) to base 7.
104
What is 35 (base 11) in base 3?
1102
2b (base 15) to base 11
38
-10 (base 2) to base 7
-2
What is -42 (base 5) in base 3?
-211
-24 (base 5) to base 12
-12
-4 (base 16) to base 3
-11
Convert 0 (base 5) to base 13.
0
Convert b0 (base 13) to base 2.
10001111
4 (base 5) to base 15
4
What is 12 (base 4) in base 10?
6
What is 1a (base 11) in base 2?
10101
Convert -4 (base 8) to base 10.
-4
What is -87 (base 14) in base 13?
-92
What is -18 (base 13) in base 8?
-25
Convert -2 (base 5) to base 2.
-10
0 (base 9) to base 7
0
Convert 10c (base 16) to base 10.
268
Convert 3 (base 4) to base 2.
11
What is 3a (base 14) in base 5?
202
Convert 177 (base 14) to base 8.
455
Convert 2 (base 5) to base 3.
2
What is -110110 (base 2) in base 16?
-36
What is 16 (base 10) in base 16?
10
What is 1020 (base 4) in base 11?
66
Convert -2211 (base 3) to base 5.
-301
Convert -111 (base 3) to base 13.
-10
35 (base 10) to base 12
2b
-120 (base 3) to base 11
-14
What is 0 (base 7) in base 9?
0
What is 1 (base 16) in base 3?
1
21 (base 3) to base 14
7
-c (base 14) to base 12
-10
What is 2 (base 5) in base 9?
2
What is -21 (base 5) in base 3?
-102
b0 (base 16) to base 6
452
-1212 (base 3) to base 4
-302
What is 0 (base 10) in base 4?
0
What is b3 (base 13) in base 7?
266
-4 (base 9) to base 8
-4
What is 5 (base 7) in base 13?
5
What is a (base 12) in base 6?
14
What is -18 (base 16) in base 10?
-24
Convert -26 (base 8) to base 9.
-24
Convert 3b (base 12) to base 14.
35
What is 1031 (base 4) in base 9?
85
What is -1 (base 2) in base 12?
-1
-10010 (base 2) to base 12
-16
Convert -1 (base 16) to base 9.
-1
What is 217 (base 8) in base 7?
263
-11b (base 13) to base 10
-193
100011101 (base 2) to base 15
140
What is 3 (base 15) in base 10?
3
-344 (base 8) to base 9
-273
What is 1112 (base 3) in base 15?
2b
What is 321 (base 5) in base 10?
86
-111 (base 3) to base 8
-15
Convert -15 (base 15) to base 7.
-26
324 (base 7) to base 2
10100101
125 (base 8) to base 13
67
What is 120 (base 6) in base 7?
66
What is 2 (base 5) in base 10?
2
10 (base 2) to base 7
2
What is -6 (base 13) in base 9?
-6
-110 (base 4) to base 13
-17
-223 (base 6) to base 11
-7a
Convert -5 (base 13) to base 9.
-5
What is 15 (base 10) in base 9?
16
0 (base 14) to base 15
0
4c (base 13) to base 9
71
Convert -2 (base 13) to base 11.
-2
Convert 20 (base 6) to base 9.
13
What is -49 (base 12) in base 10?
-57
What is -2 (base 14) in base 4?
-2
What is -3b (base 16) in base 7?
-113
What is 1 (base 14) in base 8?
1
Convert -2 (base 11) to base 14.
-2
What is -12 (base 15) in base 11?
-16
Convert 3 (base 11) to base 12.
3
What is -7 (base 11) in base 2?
-111
Convert 30 (base 12) to base 10.
36
Convert 230 (base 4) to base 7.
62
74 (base 8) to base 6
140
What is 0 (base 11) in base 4?
0
1 (base 16) to base 15
1
Convert -246 (base 11) to base 10.
-292
What is -1 (base 11) in base 8?
-1
Convert 13 (base 13) to base 14.
12
Convert -100110 (base 2) to base 5.
-123
What is 134 (base 13) in base 2?
11010100
Convert 11010 (base 2) to base 4.
122
Convert -103 (base 15) to base 14.
-124
153 (base 6) to base 4
1011
Convert 14 (base 11) to base 12.
13
1 (base 16) to base 15
1
Convert -8 (base 11) to base 16.
-8
-3 (base 12) to base 7
-3
Convert 410 (base 5) to base 2.
1101001
What is 622 (base 7) in base 15?
15a
What is -1 (base 2) in base 4?
-1
What is -2 (base 5) in base 10?
-2
-2 (base 10) to base 16
-2
-2 (base 9) to base 7
-2
Convert -6 (base 12) to base 2.
-110
-8 (base 13) to base 10
-8
Convert 11 (base 4) to base 8.
5
2c (base 13) to base 9
42
335 (base 10) to base 3
110102
What is -5 (base 11) in base 3?
-12
What is 3 (base 15) in base 16?
3
1 (base 16) to base 2
1
-113 (base 4) to base 15
-18
What is 100 (base 3) in base 13?
9
64 (base 10) to base 11
59
Convert 3c (base 14) to base 4.
312
What is 1 (base 9) in base 5?
1
What is -1 (base 15) in base 10?
-1
What is -1010 (base 2) in base 11?
-a
What is -26 (base 8) in base 9?
-24
What is -12a (base 11) in base 5?
-1103
-22 (base 14) to base 11
-28
Convert 12 (base 14) to base 2.
10000
What is 1002 (base 3) in base 6?
45
What is -63 (base 12) in base 4?
-1023
-133 (base 6) to base 14
-41
10 (base 2) to base 12
2
What is -58 (base 10) in base 4?
-322
Convert 10 (base 2) to base 12.
2
What is -5 (base 10) in base 5?
-10
-3 (base 16) to base 14
-3
9 (base 12) to base 3
100
Convert -606 (base 7) to base 10.
-300
What is 234 (base 5) in base 16?
45
-5d (base 15) to base 6
-224
Convert 16 (base 13) to base 11.
18
What is 24 (base 5) in base 13?
11
Convert 20021 (base 3) to base 15.
b4
What is 440 (base 7) in base 11?
194
What is eb (base 15) in base 3?
22012
What is 6 (base 11) in base 14?
6
What is -27 (base 15) in base 13?
-2b
What is 8 (base 16) in base 3?
22
-10 (base 5) to base 12
-5
Convert -100 (base 2) to base 8.
-4
Convert -2 (base 14) to base 7.
-2
What is 22 (base 6) in base 15?
e
What is -411 (base 5) in base 12?
-8a
What is -2 (base 12) in base 11?
-2
What is -20 (base 3) in base 5?
-11
What is 8 (base 9) in base 13?
8
Convert -300 (base 4) to base 2.
-110000
2 (base 4) to base 11
2
What is 120 (base 6) in base 13?
39
What is -13 (base 11) in base 16?
-e
-84 (base 9) to base 5
-301
-4 (base 16) to base 4
-10
Convert 230 (base 5) to base 11.
5a
Convert -1a (base 12) to base 8.
-26
Convert 12 (base 3) to base 5.
10
What is -5c (base 14) in base 8?
-122
What is 62 (base 11) in base 7?
125
-10 (base 4) to base 6
-4
What is -200 (base 7) in base 8?
-142
What is 10 (base 3) in base 2?
11
2 (base 7) to base 8
2
What is 1323 (base 5) in base 7?
423
1 (base 3) to base 4
1
What is 3 (base 14) in base 2?
11
Convert -3 (base 5) to base 14.
-3
What is -6 (base 15) in base 14?
-6
Convert 2 (base 12) to base 6.
2
-4 (base 16) to base 11
-4
What is -515 (base 7) in base 14?
-145
Convert -3 (base 5) to base 15.
-3
What is -10 (base 3) in base 16?
-3
11 (base 11) to base 4
30
-3 (base 12) to base 3
-10
16 (base 16) to base 13
19
-53 (base 12) to base 11
-58
-7 (base 13) to base 14
-7
What is -66 (base 11) in base 6?
-200
What is -a9 (base 13) in base 16?
-8b
What is -70 (base 9) in base 12?
-53
-2 (base 6) to base 16
-2
What is -41 (base 6) in base 15?
-1a
What is 0 (base 11) in base 4?
0
Convert -9 (base 14) to base 7.
-12
Convert -10e (base 15) to base 14.
-131
Convert 222 (base 5) to base 12.
52
What is -100110 (base 2) in base 13?
-2c
Convert 1000 (base 2) to base 7.
11
What is 200 (base 11) in base 14?
134
-3 (base 4) to base 9
-3
-8 (base 11) to base 3
-22
Convert 13 (base 9) to base 6.
20
What is -69 (base 15) in base 12?
-83
-6 (base 9) to base 16
-6
-256 (base 10) to base 4
-10000
52 (base 13) to base 8
103
Convert 5 (base 9) to base 10.
5
87 (base 13) to base 5
421
1112 (base 3) to base 11
38
Convert 7 (base 8) to base 13.
7
What is -26 (base 12) in base 13?
-24
5 (base 12) to base 14
5
2 (base 13) to base 9
2
-32 (base 15) to base 11
-43
Convert 18 (base 9) to base 5.
32
What is 42 (base 6) in base 16?
1a
-1 (b